ns digit of 441?
4
What is the tens digit of 5887?
8
What is the hundreds digit of 74919?
9
What is the tens digit of 15013?
1
What is the hundreds digit of 9592?
5
What is the units digit of 25778?
8
What is the thousands digit of 14158?
4
What is the tens digit of 288?
8
What is the tens digit of 2164?
6
What is the tens digit of 865?
6
What is the tens digit of 58100?
0
What is the tens digit of 3704?
0
What is the hundreds digit of 1337?
3
What is the units digit of 2680?
0
What is the hundreds digit of 1102?
1
What is the units digit of 1002?
2
What is the units digit of 109?
9
What is the hundreds digit of 6750?
7
What is the units digit of 745?
5
What is the tens digit of 609?
0
What is the hundreds digit of 305?
3
What is the tens digit of 1217?
1
What is the tens digit of 3096?
9
What is the thousands digit of 2766?
2
What is the units digit of 6787?
7
What is the tens digit of 734?
3
What is the units digit of 83234?
4
What is the units digit of 369?
9
What is the hundreds digit of 2493?
4
What is the hundreds digit of 1605?
6
What is the units digit of 135?
5
What is the tens digit of 3217?
1
What is the units digit of 1308?
8
What is the units digit of 147?
7
What is the hundreds digit of 64336?
3
What is the ten thousands digit of 92450?
9
What is the thousands digit of 18808?
8
What is the tens digit of 2177?
7
What is the units digit of 3390?
0
What is the units digit of 6218?
8
What is the thousands digit of 1817?
1
What is the units digit of 308?
8
What is the thousands digit of 1580?
1
What is the units digit of 36436?
6
What is the tens digit of 3241?
4
What is the tens digit of 28820?
2
What is the hundreds digit of 29036?
0
What is the units digit of 11606?
6
What is the hundreds digit of 2405?
4
What is the tens digit of 555?
5
What is the units digit of 18499?
9
What is the thousands digit of 75070?
5
What is the units digit of 28449?
9
What is the units digit of 82?
2
What is the tens digit of 58919?
1
What is the hundreds digit of 1387?
3
What is the hundred thousands digit of 143785?
1
What is the tens digit of 3988?
8
What is the units digit of 149?
9
What is the tens digit of 969?
6
What is the thousands digit of 2514?
2
What is the tens digit of 5862?
6
What is the ten thousands digit of 20245?
2
What is the hundreds digit of 34846?
8
What is the tens digit of 997?
9
What is the units digit of 4698?
8
What is the units digit of 61023?
3
What is the tens digit of 316?
1
What is the units digit of 242?
2
What is the units digit of 3313?
3
What is the units digit of 51103?
3
What is the units digit of 1929?
9
What is the thousands digit of 92129?
2
What is the tens digit of 3470?
7
What is the tens digit of 3373?
7
What is the tens digit of 1527?
2
What is the units digit of 24?
4
What is the units digit of 717?
7
What is the tens digit of 1034?
3
What is the tens digit of 9286?
8
What is the units digit of 1441?
1
What is the hundreds digit of 1378?
3
What is the thousands digit of 11738?
1
What is the hundreds digit of 8473?
4
What is the tens digit of 227?
2
What is the thousands digit of 55686?
5
What is the hundreds digit of 12626?
6
What is the units digit of 793?
3
What is the units digit of 22522?
2
What is the thousands digit of 60593?
0
What is the tens digit of 144?
4
What is the units digit of 50164?
4
What is the thousands digit of 3311?
3
What is the units digit of 3734?
4
What is the units digit of 63438?
8
What is the thousands digit of 12357?
2
What is the thousands digit of 1066?
1
What is the thousands digit of 15286?
5
What is the tens digit of 1165?
6
What is the tens digit of 588?
8
What is the units digit of 4246?
6
What is the ten thousands digit of 79580?
7
What is the thousands digit of 18245?
8
What is the hundreds digit of 212?
2
What is the tens digit of 24422?
2
What is the hundreds digit of 1224?
2
What is the units digit of 104877?
7
What is the thousands digit of 6152?
6
What is the thousands digit of 7680?
7
What is the units digit of 148?
8
What is the hundreds digit of 10193?
1
What is the thousands digit of 52799?
2
What is the tens digit of 4590?
9
What is the tens digit of 12698?
9
What is the thousands digit of 2747?
2
What is the thousands digit of 7164?
7
What is the tens digit of 1333?
3
What is the thousands digit of 100333?
0
What is the units digit of 1197?
7
What is the ten thousands digit of 19972?
1
What is the ten thousands digit of 37475?
3
What is the units digit of 9219?
9
What is the hundreds digit of 27627?
6
What is the tens digit of 10024?
2
What is the thousands digit of 48651?
8
What is the hundreds digit of 3029?
0
What is the tens digit of 1088?
8
What is the ten thousands digit of 21516?
2
What is the units digit of 11014?
4
What is the thousands digit of 73294?
3
What is the tens digit of 1094?
9
What is the units digit of 838?
8
What is the units digit of 9257?
7
What is the hundreds digit of 95839?
8
What is the units digit of 16265?
5
What is the thousands digit of 102278?
2
What is the tens digit of 6914?
1
What is the units digit of 353?
3
What is the thousands digit of 66330?
6
What is the hundreds digit of 3146?
1
What is the units digit of 898?
8
What is the hundreds digit of 8350?
3
What is the units digit of 531?
1
What is the thousands digit of 1138?
1
What is the thousands digit of 13768?
3
What is the tens digit of 41?
4
What is the hundreds digit of 1423?
4
What is the units digit of 3688?
8
What is the units digit of 2387?
7
What is the hundreds digit of 3768?
7
What is the tens digit of 1559?
5
What is the hundreds digit of 22343?
3
What is the hundreds digit of 1635?
6
What is the tens digit of 21212?
1
What is the units digit of 380?
0
What is the units digit of 374?
4
What is the units digit of 16115?
5
What is the thousands digit of 75570?
5
What is the hundreds digit of 25603?
6
What is the thousands digit of 1118?
1
What is the hundreds digit of 68023?
0
What is the tens digit of 3941?
4
What is the hundreds digit of 7666?
6
What is the hundreds digit of 16328?
3
What is the hundreds digit of 6330?
3
What is the hundreds digit of 738?
7
What is the hundreds digit of 3169?
1
What is the units digit of 3161?
1
What is the hundreds digit of 3768?
7
What is the hundreds digit of 873?
8
What is the units digit of 52?
2
What is the units digit of 125144?
4
What is the hundreds digit of 1843?
8
What is the tens digit of 821?
2
What is the tens digit of 262?
6
What is the tens digit of 37568?
6
What is the thousands digit of 3364?
3
What is the units digit of 45128?
8
What is the hundreds digit of 3356?
3
What is the thousands digit of 14833?
4
What is the units digit of 11?
1
What is the tens digit of 22383?
8
What is the hundred thousands digit of 153368?
1
What is the hundreds digit of 11178?
1
What is the thousands digit of 1041?
1
What is the hundreds digit of 110?
1
What is the hundreds digit of 2224?
2
What is the units digit of 1409?
9
What is the hundreds digit of 3312?
3
What is the units digit of 6546?
6
What is the ten thousands digit of 61849?
6
What is the hundreds digit of 1146?
1
What is the units digit of 748?
8
What is the units digit of 2578?
8
What is the ten thousands digit of 22497?
2
What is the units digit of 22542?
2
What is the units digit of 1982?
2
What is the units digit of 604?
4
What is the hundreds digit of 474?
4
What is the tens digit of 5115?
1
What is the thousands digit of 1853?
1
What is the tens digit of 36916?
1
What is the hundred thousands digit of 127527?
1
What is the units digit of 1592?
2
What is the ten thousands digit of 16631?
1
What is the hundreds digit of 13780?
7
What is the thousands digit of 1154?
1
What is the tens digit of 5286?
8
What is the tens digit of 168731?
3
What is the tens digit of 204?
0
What is the ten thousands digit of 36521?
3
What is the units digit of 992?
2
What is the hundreds digit of 21055?
0
What is the thousands digit of 97388?
7
What is the tens digit of 75711?
1
What is the thousands digit of 1148?
1
What is the tens digit of 3485?
8
What is the units digit of 15755?
5
What is the thousands digit of 20858?
0
What is the ten thousands digit of 100436?
0
What is the hundreds digit of 32841?
8
What is the hundreds digit of 12886?
8
What is the tens digit of 29